luate -7 - -4 - 1 - (-431 + 429).
-2
What is 2 - (4 + -2) - 9 - (-30 + 55 + 4)?
-38
Calculate (-11 - 25) + 14 - -76 - 12.
42
(0 - -39) + (66 - 42 - 67)
-4
Calculate 10 - ((-2 - (10 - 25) - 30) + 10).
17
Evaluate (-171 - -190) + 53 + (-13 - 1).
58
What is the value of 45 + -24 - (78 - 19)?
-38
Calculate (-20 - -2) + -7 - (-136 - -147).
-36
What is 88 + (34 - 10) + -24 + (3 - 6)?
85
What is the value of 204 + -216 + (1 - -47)?
36
What is the value of (-58 - -95) + -5 + -10 + 0?
22
-96 + 128 + (17 - (43 - 0))
6
Evaluate 6 + (-11 - -17 - (-9 - (-4 + -1)) - 62).
-46
1 + -44 - (-7 - -15 - (31 - (-24 + 44)))
-40
Evaluate -2 + -26 + (208 - 193) - (-1 + 17 - 2).
-27
Evaluate (-10 - -51 - 26) + -4 + -73 + -4.
-66
Evaluate 47 + -81 - -39 - (-4 - 3) - -2.
14
What is 57 + -1 - ((266 - 225) + -61 + 4)?
72
Calculate (8 - -180 - 93) + -37 + 0.
58
Evaluate -35 + 7 + (2 - (-1 + (-3 - -12) - 6)).
-28
Calculate -587 + 586 + (-75 - (-6 - -1 - -2 - 1)).
-72
Calculate 332 + -404 + -22 + -32.
-126
What is the value of 63 + 10 + -216 + 52?
-91
Evaluate (47 - -36 - 46) + -31.
6
Evaluate (-10 - 73) + 174 + -88.
3
Calculate 4 - -31 - (116 - 101) - 10.
10
Evaluate 18 + (-12 - -18) + -36 + -43.
-55
What is 1 + -13 + 3 + -4 - ((-74 - -184) + -127)?
4
Calculate 2 - 7 - (8 + (236 - 206 - (-16 - -1))).
-58
57 + (-56 - (-25 + 65))
-39
Calculate 15 + 42 + 24 + -64 + -7 + 0.
10
What is the value of (-24 + -12 + 19 - -17) + 17 - -15?
32
What is 4 + (-7 - 3) + 12 + -10 - -6 - -4?
6
What is the value of -41 + (-132 - -149) - (1 - 21)?
-4
6 + -14 - (11 + 0 - 24) - -25
30
Calculate -72 - ((-51 - -90) + -82).
-29
Evaluate 21 + -23 + -8 - (-2 - 8) - 9.
-9
Calculate 1 - 2 - (5 - (13 - -42)).
49
Evaluate (-9 - -11 - (9 - 3)) + 0 + -33 + 28.
-9
-99 + (-113 - -210) + -114
-116
Calculate (29 - (-4 + -5 + 15)) + -63.
-40
Calculate (-1 - 11) + -26 + 33 + -7 + -48 + 55.
-5
What is the value of (-14 - (-11 + 6)) + (-27 + 15 - -19) + -11?
-13
Calculate -2 + 12 - 9 - 10 - (23 - 16 - 13).
-3
What is the value of -1 - 0 - (-37 - (322 - 358))?
0
Evaluate 2 + 2 + 4 + (639 - 647).
0
Calculate (-51 - -10 - -85) + -70.
-26
(29 + 20 - (-62 + 35)) + 4
80
What is the value of -2 - -80 - (-1993 + 2089)?
-18
Calculate 4 + (32 + -52 - (-4 + 1) - 0).
-13
1 - (-2 + -26 + 0) - (109 - (452 + -348))
24
Evaluate 44 - (166 + -51) - -55.
-16
What is 74 + 35 + 26 - 67?
68
Evaluate (169 - 172) + -30 + (-5 - 3 - (-4 - 0)).
-37
Evaluate (1650 - 1646) + (0 + -1 - 13) + 87.
77
What is the value of (-19 - -16) + 1 - (1 + -3 + 0) - 43?
-43
What is the value of 14 - (20 + 0 - (86 - 72 - -47))?
55
What is the value of 119 - (-2 - (10 + -1) - -7 - -16)?
107
What is 0 - 5 - (2 - 14 - (-401 - -381))?
-13
What is the value of (-11727 - -11728) + (-1 - 1 - -1 - 9)?
-9
Calculate (7 - 0) + 1 - (-29865 + 29872).
1
Calculate 0 - 0 - -4 - ((25 - (1 + -2)) + 11).
-33
What is -23 - ((2 - -16) + (6 - -4 - 22))?
-29
-129 - -72 - (-6 + 2 - 16)
-37
What is (-47 - (-16 + 9)) + 15?
-25
What is the value of -7 + 17 - ((-11 - -13) + -22)?
30
62 - (91 - (-61 - -7))
-83
What is the value of -114 + 90 + -7 - (-24 - -1) - (-45 + 2)?
35
Evaluate (-173 - -35) + 202 - -56.
120
Calculate 203 + -257 - (-2 + -1) - (-4 + -9).
-38
What is the value of 10 + 53 + -131 + -2?
-70
What is -13 + (-11 - (0 + -10)) + (-2 - 3 - -1)?
-18
What is the value of (133 - (-78 - -216)) + -1 + 24?
18
Calculate -1157 - -994 - (-48 + 5).
-120
Evaluate 29 - (1 + 23 + 7 + -17 + (1 - 6)).
20
What is 130 + (-1 - 14) + (-512 - -489)?
92
Evaluate -69 - (17 + -10 + 18 + (5 - 19)).
-80
Calculate (-84 - -39) + -12 + 42 - (1 + -100).
84
Evaluate (-66 - -6) + 32 + -5 + 62.
29
Evaluate 1 + -90 + 2 + 38 + (76 - 37 - 65).
-75
What is the value of -29 + -111 + 102 + 175?
137
What is the value of (2 - 50) + -34 - -165?
83
-3 + 4 + -4 + (-7 - 11)
-21
-146 + 6 + -190 + 185 + 23
-122
Evaluate (-9 - (-1 + -6 + 9 - 10)) + 8 + 30.
37
What is the value of 2 - (-4 + -6) - (75 + -53) - (-1 + -25)?
16
What is (-21 + -3 - (-80 + 62)) + -3 + 2 + 61?
54
Evaluate -12 - -61 - (-17 - -12) - -7 - (-1 + 7).
55
Calculate -9 + -3 - ((-2 + -14 - -6) + 0).
-2
What is the value of -11 + 96 - (11 + 65)?
9
What is 20 + -56 + 59 + -53?
-30
What is 5 + -6 - (-2 - 2 - (42 - 52)) - -5?
-2
What is the value of 20 + -18 + (11 - 30) + -26?
-43
0 + -1 - (-8 - 1) - (-49 + -45 + 29)
73
1 - 112 - ((7 - (-10 + -4 - -11)) + 3)
-124
What is -125 - (-37 + -42 + 30 - -29)?
-105
What is 34 - 60 - -43 - (0 + -1)?
18
What is 6 + -6 + 1 + 1 + (-1 - -5)?
6
(-34 - (-69 - -43)) + -57 + (4 - 8)
-69
What is -7 + (0 + -6 - (297 + -309))?
-1
Evaluate 37 + 63 + -103 + 100.
97
What is -4 - (66 + 10 + (20 - 28))?
-72
Evaluate (-10 + 1 - (31 + -38 - -24)) + (-1 - -9).
-18
Evaluate 47 - -73 - (227 + -66).
-41
Calculate -1 + 10 - ((-6 - (-1 - (12 - 21))) + -18).
41
What is (20 - 32) + (7 - 2) + 3 + -26?
-30
-1 + -21 + 56 + -44 + 31 + 1
22
Evaluate 57 + (-148 - -28) - (-1 + 1 - 6).
-57
What is the value of 78 + -24 + -92 + 28?
-10
Evaluate 2 + (10 + 2 + -3 + 7 - -3).
21
Evaluate (-27 - -5) + 34 - -8.
20
What is (1 - 74) + (134 - 186) + (42 - -4)?
-79
159 + -16 - (-7 - -142)
8
41 + (-65 - 38) + 35 - 25
-52
Evaluate (135 - 271) + 122 + 1 + 25.
12
Calculate 21 + 35 + -31 - 13 - (-72 + 2 - -2).
80
Calculate -17 - (-37 - -118 - 20) - (0 + 21).
-99
Evaluate -6 + -5 + 31 + -15 + -4.
1
Calculate 1 - 0 - ((-16 + 25 - 12) + -9).
13
What is (-129 - -85) + (47 - -1)?
4
Calculate -99 + 2 - (6926 - 7090).
67
Evaluate 4 - 21 - (4 + 91 + -102).
-10
Calculate 4 + (-24 + -34 - (0 + 3 + -11)).
-46
What is the value of (-257 - -119) + 128 - 95?
-105
Evaluate -16 + 1 + 8 + 19 - 36.
-24
Calculate -3051 - -3078 - (51 + 0).
-24
Evaluate 10 - (-121 + 1 + -15 + 26 + 33 + -43).
129
Evaluate (-159 + 40 - -160) + (-5 - -1 - (1 - 3)).
39
What is the value of 1 - -21 - (28 - (96 - 118))?
-28
What is -53 - (-53 - (3 + 44))?
47
Evaluate -52 + 27 + (30 - 2) - (3 + 11).
-11
Evaluate (16 - -40) + -20 + (5 - -1 - 2).
40
Calculate -2705 + 2729 + 36 + -1.
59
Calculate (0 - 0) + -53 - (-197 + 113 - -94).
-63
Calculate 14 + (4 - 3 - ((10 - (17 - 12)) + 8)).
2
What is -4 + 19 + -22 + (13 - 16)?
-10
What is 14 - 1 - (6667 - 6575)?
-79
What is ((21 - 23) + 0 - (-13 + -1)) + (15 - 3)?
24
Calculate (-73 - (-38 + -51)) + 54.
70
17 + -54 + 91 + (-2 - -9)
61
Calculate -15 - 1 - (212 + -230 + 10 + 2).
-10
(19 + -45 - -23 - 8) + -7
-18
What is 150 - 129 - 2 - 61?
-42
Calculate 0 - 57 - ((42 - 8) + (51 - 87)).
-55
Calculate -10 - ((-3 - -5) + -5) - (1061 + -1058).
-10
Calculate 36 - (66 + -6 + 6).
-30
-26 - (-64 + -24 + 34 + 41)
-13
Evaluate (-76 - (-29 - -46)) + 40 + 1 + -3.
-55
What is the value of 7 - (73 + -3) - (22 - (23 + -25))?
-87
-2 + 1 + 1 - (-3247 - -3238)
9
Evaluate -3 + (7 - -7) + (-106 - -114).
19
What is the value of 73 - (-29 + 79 - -3)?
20
What is the value of -27 - ((16 - -4) + (9 - 88))?
32
What is the value of -12 - (51 - 157) - 48?
46
Evaluate -33 + (-14 - -56) + -7.
2
What is the value of -1697 + 1704 + (0 - (2 + -48))?
53
Evaluate (-6 - (-35 + 23)) + 51 - (4 + 2 + 4).
47
Calculate 17 - -1 - (-9 - (-14 - 15 - -30)).
28
-37 + (-1 - -7 - (1 + (13 - 20)))
-25
What is -179 + 203 + 0 + -36?
-12
Calculate -15 + -2 + (5 - (14 - (15 - 9))).
-20
What is the value of -11 - ((-45 - -47) + -35)?
22
Calculate 9 + -18 + -7 + 17 + 7 + 44.
52
-146 + 142 - (-3 + 3 + 1 + 24 - -1)
-30
3 + -28 + 27 + -19 + 8
-9
Evaluate 24 + 961 + -991 + 1 + 19.
14
Evaluate -45 - (18 + -41 + 5 - 7).
-20
Evaluate -14 + -15 + (6 - (8 + -17)) - 11.
-25
What is the value of (-7 - -60 - 72) + (-4 - (-1 + -1))?
-21
What is the value of -2 - -6 - (-65 + 59 - -101)?
-91
Calculate 10 - (-3 + (36 - -8) - ((7 - 9) + -9)).
-42
What is the value of -32 - (-50 - (23 - 19))?
22
What is -12 + 6 + 8 - (-4 - (-5 + 9 - 6))?
4
What is (44 - (-118 + 192)) + -78?
-108
(70 - (4 + 68)) + (0 - -1 - (6 - -1))
-8
Calculate -51 + -1 - (167 + -353 + 208).
-74
8 - (7 + -1 + (3 - (10 + -1)) + -27)
35
Calculate -2 + (-106 - -9 - -61).
-38
Calculate 1 + (-22 - -18) + 7 + -11 + 0 + -50.
-57
What is the value of -95 - (-6 + -131 + 144)?
-102
Evaluate 131 + (-355 - -155) - ((-3 - -1) + 16).
-83
Evaluate -40 + (-2 - (0 + 10 - ((-2 - -4) + 6))).
-44
Calculate (-3 - -75) + 6 + -35 + 44 + -29.
58
What is the value of (16 - (25 - (18 - (22 + -9)))) + 72